emainder when 499 is divided by f.
3
Suppose x = 29 + 25. Suppose 64 = 2*p - 5*s + 3*s, 0 = -2*p - 3*s + x. Suppose -p + 116 = 2*d. What is the remainder when d is divided by 22?
21
Suppose -5*o - c = -18, 3*c + 0*c + 10 = o. Suppose -o*a = -35 - 61. What is the remainder when 69 is divided by (74/8)/(6/a)?
32
Let r = -2653 + 2735. Calculate the remainder when r is divided by 63.
19
Suppose 3*a - 3*h + 8*h - 541 = 0, -5*a + 906 = 4*h. Calculate the remainder when a is divided by 177.
5
Suppose 33*l - 7698 + 1552 + 3935 = 0. What is the remainder when 1617 is divided by l?
9
Let k = -42 + 44. Suppose -126 = w - 2*w - k*b, -w = 5*b - 135. Suppose 2*q = 4*q + 4*s - 114, 2*q + s = w. What is the remainder when q is divided by 21?
19
Let d = 14 - 10. Let r be 2/2 - (-333 - 7). Suppose 6 = -2*n, 335 = d*g + 4*n - r. What is the remainder when g is divided by 25?
22
Suppose -2*d = h - 18, -5*d + 10 + 47 = 4*h. Let z = -40 + 36. Let t = 7 + z. What is the remainder when h is divided by t?
2
Let f = -1554 + 2384. What is the remainder when 2493 is divided by f?
3
Let f = 40081 + -40055. What is the remainder when 1400 is divided by f?
22
Let x = 3126 + -2921. Calculate the remainder when x is divided by 10.
5
Let t be (4 - -8)*18/(-8). Let g = -3 - t. What is the remainder when -3 - (-3 - (100 - 5)) is divided by g?
23
Suppose 0 = 11167*d - 11163*d - 40. What is the remainder when 2808 is divided by d?
8
Suppose -16*u - 16056 = -8*u - 44*u. What is the remainder when u is divided by 16?
14
Let i be 894/42 + (-2)/7. Let h = i - -22. Let r = -547 + 761. Calculate the remainder when r is divided by h.
42
Let v(o) = 13*o + 490. What is the remainder when 144 is divided by v(-31)?
57
Let b(j) = -j**3 - 13*j**2 - j - 18. Let u be b(-13). What is the remainder when 29 is divided by ((-1)/4*u)/((-25)/(-300))?
14
Let w be (-12 + 1 + -1)*3/(-9). Suppose w*n - 80 = 28. Calculate the remainder when 48 is divided by n.
21
Suppose -y = 5*m - 157, 3868*m - 88 = 3866*m - 4*y. What is the remainder when 1768 is divided by m?
28
Suppose -1387 - 1517 = -152*p - 928. Calculate the remainder when 3668 is divided by p.
2
Suppose -5*h + 31 - 6 = 0. Suppose -4 = -0*r + r, 0 = -2*a - h*r + 10. Calculate the remainder when 39 - (-3 + -2 - -3) is divided by a.
11
What is the remainder when 51*(4 + 22/2) is divided by 247?
24
Suppose 5*r + 555 = 4*h, 4*h + 5*r - 528 = r. Suppose w - 4*w + h = 4*m, 4*m - 110 = 2*w. What is the remainder when m is divided by 8?
6
What is the remainder when 194 is divided by (-150)/8*80/(-30)?
44
Suppose f - 5*z - 12 = 3, 4*f - 60 = -5*z. What is the remainder when 68 is divided by f?
8
Suppose -19*m = -1583 - 203. Calculate the remainder when m is divided by 75.
19
Let j = -355057 + 355601. Suppose -3*h + 40 = -r, r = -3*h + h + 30. What is the remainder when j is divided by h?
12
Let m = -19 - -93. Calculate the remainder when m is divided by 58.
16
Let c(v) be the first derivative of 7*v**3/3 - 5*v**2/2 - 9*v + 16. Calculate the remainder when c(3) is divided by 1*((-14)/(-1) - 0).
11
Suppose -11*i + 12*i - 4*u - 209 = 0, 197 = i + 2*u. What is the remainder when i is divided by 52?
45
Suppose 0 = 20*b - 533*b - 253*b + 600544. Calculate the remainder when b is divided by 140.
84
Suppose 4*g + 4 = -4*y, -4*y + 2*y - 14 = -2*g. Suppose -5*u - k + 51 = 33, 3*k = g*u - 18. Calculate the remainder when 189 is divided by u.
1
Let t(h) be the second derivative of h**4/12 - h**3/2 + h**2 + h. Suppose -6150*r + 6156*r - 276 = 0. Calculate the remainder when r is divided by t(5).
10
What is the remainder when 1779 is divided by (-2)/(-4)*(-6)/(9 + -10)*1?
0
Let q(i) = -16*i + 553. What is the remainder when 201 is divided by q(32)?
37
Suppose -4*i + 4640 = -5*t, 32*i - 5*t - 35960 = i. Calculate the remainder when 5815 is divided by i.
15
Let q = -31916 - -31946. Calculate the remainder when 1278 is divided by q.
18
Let g(w) = -w**2 - 66*w - 794. Calculate the remainder when g(-42) is divided by 44.
38
Let m = 1458 + -1403. Let b(j) = -358*j - 3. Let l be b(-2). Suppose -8*f + m = -l. What is the remainder when f is divided by 33?
30
Let q = -757 - -758. Let s(x) = 86*x**3 + x**2 - 2. Calculate the remainder when s(q) is divided by 39.
7
Suppose 408 + 1217 = -5*z + 5*a, -2*z = -4*a + 650. Let g = 602 + z. What is the remainder when g is divided by 28?
25
Let p(l) = l**3 + 4*l**2 + l. Calculate the remainder when (-282)/329*(-13 - -14)/((3/(-77))/1) is divided by p(-3).
4
Suppose -y = 2*a - 34, 10*y - 12*y + a + 63 = 0. Let i = 20 + -13. What is the remainder when y is divided by i?
4
Calculate the remainder when 2500 is divided by 8*(-14)/(168/(-18)) + 613.
0
Suppose 2*r - 2 = -3*z - 1, -4*z - 20 = 0. Suppose 0 = 4*w + a - 71, -37 - 39 = -5*w + 3*a. What is the remainder when (-7)/((-28)/r) - -46 is divided by w?
14
Let g(z) = 2*z**3 - 5*z**2 - 16*z + 42. Let r be g(7). Let l = -162 + r. Calculate the remainder when l is divided by 71.
67
Let c(t) = -19*t + 9. Suppose 4*m = -5*o - 14, -m - 8*o + 3*o + 4 = 0. Calculate the remainder when c(m) is divided by 21.
18
Let j = 114 + -112. Suppose -4*k = -4*v + 3*v + 224, 254 = v + j*k. What is the remainder when v is divided by 13?
10
Suppose -9*q - 89 = -831 - 473. Let n(f) = -6*f + 6. What is the remainder when q is divided by n(0)?
3
Let v = -74 - -89. Suppose 4*s - 68 = -4*g, 0 = -2*s - 3*s - 20. Let i = g + -17. Calculate the remainder when v is divided by i.
3
Suppose 0*m + 18*m + 108 = 0. What is the remainder when 89 is divided by -3*2/m*(0 + 47)?
42
Suppose -16*q + 16 - 128 = 0. Let y = q + 51. Calculate the remainder when y is divided by (-1 - 0) + (2 - -24).
19
Suppose 12*i = -i + 104. Suppose -i = -12*c + 14*c. Calculate the remainder when 31 is divided by (-4 + (-18)/c)*34.
14
Suppose -n - 4*v = 2, -3*v - 1 = 2*n + 2*v. Suppose -3*a = -2*j - 7, -2*a - 1 = n*j - 19. Calculate the remainder when (-2)/j*-146 - 2 is divided by 24.
23
Suppose 4*b - 2*d - 20339 - 29793 = 0, -2*d + 50100 = 4*b. What is the remainder when b is divided by 10?
9
Suppose -10*x + 9*x + 29 = 0. Suppose x*a + 780 = 41*a. Calculate the remainder when a is divided by 11.
10
Let j(a) = 4*a + 111. Let y be j(-28). Let d(k) = -38*k + 6. What is the remainder when d(y) is divided by 6?
2
Let m(f) = 3*f**3 + 12*f**2 - 10*f - 56. What is the remainder when m(10) is divided by 90?
84
Suppose -5*t + 5 = v - 18, 3*v = 3*t - 3. Suppose t*s = -20, 3*n - 5*s - 55 = 336. What is the remainder when n is divided by 56?
10
Let j = 2177 - 2170. What is the remainder when 857 is divided by j?
3
Let i(o) = -2*o**2 - 29*o + 57. Suppose -18*a = -16*a + 32. Calculate the remainder when 148 is divided by i(a).
4
Let d(a) = 7*a**2 + 2*a + 1. Let k be d(-1). Calculate the remainder when 16*18*k/18 is divided by 29.
9
Let t be 30/4 - ((-84)/(-8))/21. Let x(b) = 42*b - 185. Calculate the remainder when x(t) is divided by 37.
35
Calculate the remainder when 5492 is divided by 242/3025 + (6/(-5))/((-30)/2048).
80
Let y = 3359 - 3345. What is the remainder when 17 is divided by y?
3
Suppose 40 = 203*u - 195*u. What is the remainder when 79 is divided by ((-81)/(-45) - 2) + 211/u?
37
Suppose -9*w = -4*w - 120. Let n = -418 + 606. What is the remainder when n is divided by w?
20
Suppose 0 = -5*n - g + 66 + 114, -4*g + 55 = n. Suppose -2*h + 22 = -2. What is the remainder when n is divided by h?
11
Let a(l) = l**2 - 3*l - 6. Suppose 271*u = -173*u + 19092. Calculate the remainder when u is divided by a(7).
21
Suppose -21*a + 8039 = 7619. Calculate the remainder when 0/(-2) - 239/(-1) is divided by a.
19
Let p be (-12)/18*1164/(-8). Let n = p - 93. Let f(x) = -x**3 + 4*x**2 + x + 4. What is the remainder when f(4) is divided by n?
0
Suppose 15*m + 2395 = -920. Let s = m - -396. Calculate the remainder when s is divided by 16.
15
Suppose y - 6 - 5 = 0. Calculate the remainder when y is divided by -1 + -3 - (-129)/15 - 48/(-120).
1
Let n be ((-80)/50)/(4/130). Let k = 62 + n. What is the remainder when (-148)/(-3) - (-8)/(-6) is divided by k?
8
Let o(s) = 23*s**2 + 27*s + 80. Calculate the remainder when 7002 is divided by o(-3).
204
Let f = 34732 + -34681. Calculate the remainder when 457 is divided by f.
49
Suppose -9*f + 133 + 434 = 0. What is the remainder w